 8?
False
Suppose 17 = -3*d + 23. Suppose 2*n - 4*p - 188 = n, -d*p = -2*n + 370. Is n a multiple of 43?
False
Let i(v) = 3*v**2 - 12*v + 155. Is i(6) a multiple of 15?
False
Let u = 124 + -52. Is u a multiple of 18?
True
Does 16 divide ((-69)/4)/((-27)/144)?
False
Suppose 3*j + 1410 = 8*j + 3*s, -4*j + 4*s + 1096 = 0. Does 12 divide j?
False
Let x(d) = -26*d + 36. Let u(o) = 26*o - 37. Let h(j) = 3*u(j) + 4*x(j). Does 33 divide h(-3)?
False
Let s(h) = -819*h - 52. Is 112 a factor of s(-2)?
False
Suppose 0 = -2*l, -p - 18 = p + 3*l. Let a(m) = m**3 + 9*m**2 + 9*m - 5. Let y be a(-8). Let w = p - y. Does 3 divide w?
False
Let c(w) = -w**3 - 5*w**2 + 6*w + 11. Let a be c(-6). Let t(m) = -m**3 + 11*m**2 + 9*m + 27. Is t(a) a multiple of 42?
True
Let o(d) = -4*d + 36. Let b(p) = -p + 1. Let t(n) = -3*b(n) + o(n). Is t(6) a multiple of 3?
True
Let n(t) = 19 + 23 - 8*t - 25 + t**2. Does 3 divide n(6)?
False
Suppose 0 = -18*a + 20*a - 596. Let u = a + -203. Does 25 divide u?
False
Suppose -29 = 4*k + 3*j, -17 = k + 70*j - 66*j. Let p(v) = 3*v + 8. Let z(x) = -5*x - 16. Let q(u) = -7*p(u) - 4*z(u). Does 5 divide q(k)?
False
Let i(l) = 330*l + 15. Is i(3) a multiple of 15?
True
Let z = 2415 - -192. Does 18 divide z?
False
Let p(o) = o**2 - 31*o - 77. Does 19 divide p(-15)?
False
Let m(c) = c**2 + 3*c + 4. Let l be m(-3). Suppose 3*d - 3*h = -h + 34, -4*d + l*h + 40 = 0. Is d a multiple of 7?
True
Let d = -72 - -75. Suppose d*v = -4*n + 113, -n = 5*v - 0*n - 194. Does 9 divide v?
False
Is (1045/20 - -2) + (-20)/16 even?
False
Suppose o - 2*o = 0. Suppose -5*g - 3*s - 1336 = 0, -268 = g - o*g + s. Is 15 a factor of (-15)/25 + g/(-10)?
False
Suppose 49*q - 45*q = -84. Suppose -5*p - 4*d + 77 + 93 = 0, -2*d + 136 = 4*p. Let a = p + q. Is a a multiple of 10?
False
Let d(g) = 2*g + 23. Let k be d(-9). Suppose -k*o = x + 5, 10 = x + x + 5*o. Is 3 a factor of x?
True
Suppose 9*w - 1508 = 256. Is 28 a factor of w?
True
Suppose 5*l - 5*t - 125 = 0, 4*t + 71 = -l + 4*l. Is l a multiple of 4?
False
Let w(l) = 3*l + 28. Let o(z) = -8*z - 83. Let m(j) = -4*o(j) - 11*w(j). Is 9 a factor of m(-16)?
False
Let u = -21 + 57. Does 36 divide u?
True
Is 8 a factor of (-215676)/(-432) - (-6)/8?
False
Let m be (-45)/6*(-24)/(-10). Let t = m - -34. Let d = t + 23. Is 9 a factor of d?
False
Let q(d) = 352*d**2 - d - 1. Let p be q(-1). Let a = p - -141. Is 14 a factor of a/34 + (-1)/2?
True
Let s(z) = z - 14. Is s(26) a multiple of 6?
True
Let v = 35 - 31. Suppose 2*r = 2*o + 52, -v*o - 12 = 8. Does 11 divide r?
False
Let o = 4 + -1. Let x = o + 2. Suppose x*y = 34 + 51. Does 15 divide y?
False
Suppose -14*a + 439 = -8283. Is 7 a factor of a?
True
Let k = 15 + -11. Suppose -2 = 4*u - 18, -5*v - 3*u + 7 = 0. Does 28 divide (v - -3)*168/k?
True
Is 4 a factor of (-4 - 15595/(-60)) + (-4)/(-48)?
True
Suppose -5*p + 2380 = r, r + 2416 = 2*r - 4*p. Is 24 a factor of r?
True
Suppose a - 43 = 6*a - 3*t, -4*a - 37 = -5*t. Let o be 85/(-4) + 6/a. Let m = -13 - o. Does 3 divide m?
True
Let x be -7 + 4 - (-3 - 0). Suppose 4*l + x - 20 = 0. Does 5 divide l?
True
Let z(x) = -x**3 + 8*x**2 - 7*x. Suppose -14 = m - 3*m. Let t be z(m). Suppose 4*p - 5*p + 41 = t. Does 11 divide p?
False
Let u(x) = -101*x - 143. Does 37 divide u(-9)?
False
Let t = 259 - -559. Does 17 divide t?
False
Let y(t) = -140*t - 177. Is y(-11) a multiple of 15?
False
Suppose 18*w - 17*w - 342 = 0. Is 16 a factor of w?
False
Suppose 28*z - 7*z = 23205. Does 17 divide z?
True
Suppose 3*d - 4 - 5 = 0. Let q(o) = 5*o**3 + o**2 + 8*o + 1. Let k(j) = 4*j**3 + 2*j**2 + 7*j + 1. Let i(r) = d*q(r) - 4*k(r). Does 12 divide i(-5)?
False
Is ((-176)/220)/(2 + 671/(-335)) a multiple of 15?
False
Let h(a) = -2 - a + 0 + 9 + 2*a. Let o be h(-5). Let t = 8 + o. Is 7 a factor of t?
False
Let f = -520 - -681. Is f a multiple of 14?
False
Let h(k) = 306*k - 304. Does 29 divide h(4)?
False
Let a be 5 + 84/(-16) + (-1037)/(-4). Suppose -v - 45 = -a. Is v a multiple of 8?
False
Suppose 0 = -5*u - 3*r + 1599, 5*u - 4*u - 306 = 4*r. Is 18 a factor of u?
False
Let z(s) = -s**2 + 2*s + 4. Let o be z(7). Let v = o - -128. Suppose 137 = 3*t - 2*q - 41, -2*t = 3*q - v. Is t a multiple of 14?
True
Let r(s) = s**3 - 4*s**2 - 40*s + 49. Does 52 divide r(15)?
True
Suppose 10*q = -3*q + 1534. Is 3 a factor of q?
False
Suppose b + 4*b = 0. Suppose -i - 740 = -b*o - 5*o, 613 = 4*o - 5*i. Is 21 a factor of o?
True
Let t(s) be the first derivative of -15*s**2/2 + 17*s - 4. Let u be t(-14). Suppose 3*w + 20 = u. Is w a multiple of 23?
True
Suppose 4*t - 5*t = 3*i - 150, -2*t + 296 = 5*i. Let j = -98 + t. Is 9 a factor of j?
False
Let o(w) = 4*w**2 - 4*w**2 + 3 - w**2 + 2*w - 4*w. Let l be o(-3). Suppose l = -4*k - t + 63, 2*t + 13 + 14 = k. Is 10 a factor of k?
False
Suppose 0 = -2*u - 5*d + 6, 4*d + 2 = 3*u - 7. Suppose 3*r + 24 = 5*b - 99, 2*b + u*r = 45. Is 13 a factor of b?
False
Let c = -67 - 34. Let d = c + 185. Let m = 118 - d. Does 11 divide m?
False
Suppose -2*h - 4*k + 12 = -4*h, -4*k = 2*h - 28. Suppose 288 = 8*p - h*p. Is p a multiple of 18?
True
Suppose -5*l = -0*d - 4*d + 52, 0 = -5*d + 15. Let b = 10 - l. Does 27 divide (54/3)/(4/b)?
True
Suppose -8*u - 9*u = -14195. Does 14 divide u?
False
Suppose 33 = 5*o - 2*x, 4*o + 2*x + 11 - 41 = 0. Suppose 0*d = -o*d + 483. Does 23 divide d?
True
Suppose 3*p - 513 = -7*j + 2*j, -2*p - 5*j + 337 = 0. Does 10 divide p?
False
Let v be (-8)/2 + -15 + 219. Suppose 4*h + 3*o + 2*o - 761 = 0, h - 2*o - v = 0. Does 42 divide h?
False
Suppose 78 = 50*n - 422. Is 3 a factor of n?
False
Let u be (-558)/30 + (-4)/10. Let p = 49 + u. Is 13 a factor of p?
False
Let p = -177 - -232. Does 3 divide p?
False
Does 18 divide (-1 + 346)*(-2 - (-65)/25)?
False
Suppose 3*b - 4 = 8. Suppose 0 = 2*g + 4, -3*g = 3*y - y - 8. Suppose -108 = -y*d + b*d. Does 18 divide d?
True
Let l = -1 + 7. Suppose -3*z = -6, -2*a + 4 - l = -z. Suppose a = -5*k + 189 + 91. Does 25 divide k?
False
Suppose -6 = 2*v + 3*b + 2, -4*v + 20 = -3*b. Let a(o) = 15*o**3 - 3. Is a(v) a multiple of 25?
False
Suppose -4*r + 7*r = -6. Is (-1067)/(-22) + r/4 a multiple of 18?
False
Suppose 0 = -5*z + 2*s - 526, -z + 0*s - 102 = -2*s. Let g = -25 - z. Does 23 divide g?
False
Let i be 8/(-52) - (-3856)/52. Let z = 160 - i. Is 13 a factor of z?
False
Let d(w) = -8*w + 13 + w**2 + 20*w + 2. Let p be d(-11). Does 3 divide (-5 + 7)*6/p?
True
Suppose -8 = -3*g + 1. Suppose -g*x + 126 = -0*x. Is 29 a factor of x?
False
Suppose -3*u - a + 2*a = 0, 4*u - 5*a = 0. Suppose u = -5*m + 73 + 177. Is m a multiple of 34?
False
Suppose -17*u - 2*m + 712 = -16*u, -5*u - 2*m + 3552 = 0. Is u a multiple of 71?
True
Let x = 601 + -27. Is x a multiple of 41?
True
Let t = -12 + 19. Let z(p) = -4*p + 34. Does 6 divide z(t)?
True
Let v(k) = 3 - 2 + k + 1 - 8*k. Is v(-4) a multiple of 15?
True
Let b be (-5)/(2/(-2) + 0). Suppose -2*s - b*d - 4 = -0*d, -3*s - 5*d = 1. Suppose s*k + 4*a - 92 = 0, -2*k = -4*a - 66 + 18. Is k a multiple of 20?
False
Let u(s) = 3*s - 3. Let k(l) = 7*l - 7. Let h(c) = 6*k(c) - 13*u(c). Suppose g - 2 - 11 = 0. Does 22 divide h(g)?
False
Let q(c) = -c**3 - 9*c**2 + 9*c - 8. Let b be q(-10). Suppose 87 = -b*x - 117. Let n = x + 166. Is n a multiple of 16?
True
Suppose -2*p - 5*l = -p - 10, 0 = 3*p + 5*l. Let h = -9 + 11. Is h - (p - -4 - 0) a multiple of 2?
False
Suppose -103 - 725 = -4*r + p, -2*r + 408 = p. Suppose -4*o + j + 148 = 0, -5*o - 3*j + r = j. Suppose 2*f - 80 - o = 0. Does 16 divide f?
False
Suppose 7*u - 16 = 3*u. Suppose 2*x = u*x - 54. Let m = -10 + x. Is m a multiple of 6?
False
Suppose 2*p + 290 = 3*k + 1746, -3*p + k = -2184. Does 9 divide p?
False
Let t be (-1)/((-9)/3*3/27). Suppose 0 = 5*x + 2*b - 260, t*b = -5*x - b + 260. Is x a multiple of 20?
False
Suppose -4*m = 2*h - 3412, -15*m + 1681 = h - 18*m. Is 12 a factor of h?
False
Does 13 divide (-32)/(-2)*(-5)/(-40)*78?
True
Let d(n) = -n**3 + 3*n**2 - 3*n. Let r be d(4). Let v = 18 + r. Is (-2)/4 - 85/v a multiple of 4?
True
Suppose 629 = n - 3*a + 142, -3*n + 4*a + 1441 = 0. Is 25 a factor of n?
True
Let q = 30 + -28. Suppose q*v + 24 = 220. Is v a multiple of 22?
False
Let n(f) = -2*f**3 - 14*f**2 - 12*f + 4. Let w be n(-6). Suppose -4 = -w*h + 124. Is h a multiple of 8?
True
Let d = -4